hat is the greatest common divisor of l and 5?
1
Let t be 18/(-10)*-52 + (-2)/(-5). Suppose -3*v - 5*y + t = 0, -21*v - 4*y - 20 = -22*v. What is the highest common divisor of 8 and v?
4
Suppose 0 = -2*i + 5 - 1. Let w = -35827 + 35828. Calculate the greatest common divisor of w and i.
1
Let m = 2 + -10. Let j(u) = -8*u - 15. Let i be j(m). Let l = i - 44. What is the highest common factor of 55 and l?
5
Let n = -1131 - -1452. What is the greatest common factor of 535 and n?
107
Let w = 330 - 274. Let u(v) = 10*v**3 + v**2 - 2*v + 7. Let x be u(3). What is the greatest common divisor of w and x?
56
Let t(r) = 13*r - 743. Let x be t(62). What is the highest common factor of x and 315?
63
Suppose 0 = 12*z + 2*z + 4032. Let s = -168 - z. Calculate the highest common divisor of s and 160.
40
Let c = 122 - 74. Suppose -3*g + 116 = -5*m + 744, 2*g = 4*m - 504. Calculate the greatest common divisor of m and c.
16
Let h be -14 + 72 - -3 - 9. Calculate the greatest common factor of 316 and h.
4
Let s = 8609 + -8537. What is the highest common factor of 22 and s?
2
Suppose 0 = 2*m + 3*b - 100, -46*m + 43*m + b = -150. What is the highest common divisor of 1 and m?
1
Let m = 196 + -126. Let y be 2 - (-4 - (-12)/4). Suppose -y*c + 4*x + 1 + 9 = 0, 3*x - 5 = c. What is the highest common divisor of c and m?
10
Let q be -12 + 4 - 1242012/(-58). What is the greatest common factor of q and 462?
154
Let f(i) = 28*i - 10. Let j(v) = -v**2 + 26*v - 30. Let u be j(21). Let h = -74 + u. Let d be f(h). What is the greatest common divisor of 45 and d?
9
Let z(i) = 3*i**2 - 4*i + 2. Let n be z(3). Let f be (-63)/18*(1 + 27/(-21)). Calculate the greatest common factor of n and f.
1
Let m be 29/(-2*(-1)/18). Let k = -364 - -649. Suppose -266 - k = -19*c. Calculate the greatest common divisor of m and c.
29
Let b = -431 + 2243. Suppose -2*o = -4*n - 6*o + b, 456 = n + 2*o. Suppose 5*w - 1250 + n = 0. Calculate the greatest common factor of w and 20.
20
Let m be 2/(70/935) + (-8)/(-28). Suppose 3*y + m = -5*j + 243, 0 = 5*y + 2*j - 360. Let n be -1 - (1 + (4 - 42)). What is the highest common factor of n and y?
36
Suppose 143*b - 33*b - 43890 = 0. Let g be 130/6 - (-2)/(-3). Calculate the greatest common factor of g and b.
21
Let b be ((-2)/4)/(11*(-18)/45144). Calculate the highest common divisor of b and 1482.
114
Let u(g) = 7*g - 88. Let y(z) = -28*z + 356. Let b(a) = 18*u(a) + 4*y(a). Let q be b(14). What is the highest common factor of q and 36?
36
Let f = 16401 - 16321. Calculate the greatest common divisor of 1560 and f.
40
Let k = 31559 + -31496. Calculate the highest common factor of k and 3199.
7
Suppose -64*s + 1280 = -56*s. Let j = s - 132. Calculate the highest common divisor of 154 and j.
14
Let j(p) = -97*p - 38. Let c be j(-6). Suppose -3*w + 4*k = 2*k - c, 4*k = -3*w + 532. Calculate the greatest common factor of 18 and w.
18
Suppose -5*c = -0*u + u - 820, -5*u = -2*c + 355. Let t = c + 85. Let h = 38 - -62. What is the greatest common divisor of h and t?
50
Suppose 0 = 47*z - 48*z + 34. Suppose 0 = -f - 2*g + 46, 2*g = -f - 3*g + z. What is the highest common divisor of f and 306?
18
Suppose 32946 = 180*j - 29523 + 20889. Calculate the highest common factor of 399 and j.
21
Let f be 977 + (-19)/(-57)*-15. What is the highest common divisor of f and 3456?
108
Let q(x) = 55*x**2 + 160*x - 15. Let p be q(9). Calculate the highest common factor of 84 and p.
84
Let y be 936 + 7 + 2 - -5. What is the highest common factor of y and 76?
38
Let h be 2/(-10) - (8289/(-45) + 8). Calculate the highest common divisor of h and 44.
44
Let x = 94 + -46. Suppose 0 = -1322*v + 1304*v + 3888. Calculate the greatest common factor of v and x.
24
Suppose 10 - 90 = -4*b. Let y = -544 - -536. Let c(t) = t**2 - 10*t - 24. Let l be c(y). What is the highest common divisor of b and l?
20
Suppose 0 = 5*b + 99 - 174. Suppose 19*t - b*t - 112 = 0. What is the highest common factor of 84 and t?
28
Suppose 0 = -0*n - n - 43. Let j = -19 - 9. Let t = j - n. What is the greatest common factor of t and 45?
15
Let z be ((-1008)/(-392))/((-3)/(-140)). Calculate the highest common divisor of 2355 and z.
15
Suppose -5*q = -4*f - 15, 2*f + 6 + 6 = -2*q. Let h be (-93)/(-1)*q*(-53)/159. Suppose -5*z + 9 = -h. What is the greatest common divisor of 152 and z?
8
Let w(l) = 103*l - 28. Let f be w(100). What is the greatest common factor of 96 and f?
96
Suppose -y = -12 - 61. Suppose 8*w = y + 215. Calculate the greatest common divisor of 4 and w.
4
Suppose -2*u + 2*f - 68 = 0, -2*u - 2*f - 18 - 70 = 0. Let j = 106 + -47. Let d = j + u. What is the greatest common divisor of 8 and d?
4
Suppose -57*m + 52*m + 70 = 0. Suppose 19*b - 280 = m*b. Calculate the greatest common divisor of 532 and b.
28
Let y = -15312 - -16824. What is the greatest common divisor of y and 4968?
216
Let l be 20/9 + 38/2907*-17. What is the highest common factor of 919 and l?
1
Let t(v) = -49*v**3 + 2*v**2 - v - 2. Let a = -203 + 202. Let r be t(a). What is the highest common factor of 950 and r?
50
Let q be (2*35/(-7))/(1/(-4)). Let o be -4 + -2 - ((-107 - 0) + 1). What is the highest common divisor of q and o?
20
Let x(c) = c**2 - 13*c. Let i be x(7). Let g = i + 50. Suppose -5*q + 6 = 5*l - 24, 0 = -l - 2. Calculate the greatest common divisor of q and g.
8
Suppose -5025 = -8*s + 3*s. Suppose -3*c - 255 = -s. Let n(b) = -83*b - 315. Let v be n(-5). Calculate the greatest common divisor of c and v.
50
Let y be 14/6 + 935078/786. Calculate the greatest common divisor of 3427 and y.
149
Suppose -16*y = 4 + 156. Let i = y - -130. What is the greatest common factor of i and 30?
30
Let v(t) = -t**2 + 12*t - 16. Let r be v(9). Suppose -5*u = 5*b - 2040, 2*b - 3*u = 1059 - 248. Calculate the greatest common factor of b and r.
11
Let c be (-4)/10 - (-22)/55 - -13. Let a be (2821/14)/(1 + (-3)/6). Calculate the greatest common divisor of c and a.
13
Let m(t) = t**3 + 6*t**2 - 2*t + 1. Let r be m(-3). Let a = r + -18. Calculate the highest common factor of 256 and a.
16
Suppose 6*z + 606 = 3*z. Let a = 236 + z. What is the highest common factor of a and 153?
17
Suppose 2*i = -j + 6082 + 1786, -5*j = i - 39340. Calculate the highest common divisor of 28 and j.
28
Let o(x) = 11*x**2 + 2*x + 2. Let h be o(1). Suppose h*u = 1322 + 238. Let k be (0 - (0 - 13))*2. Calculate the greatest common factor of u and k.
26
Suppose 175*c - 2526785 = -21*c + 3597823. What is the greatest common factor of 28 and c?
28
Suppose -491*z + 15370 = -481*z. What is the greatest common factor of z and 406?
29
Let h = 260 - 131. Let j = 274 + -271. Calculate the highest common factor of h and j.
3
Let c(o) = 23*o**2 + 2*o. Let h be c(1). Suppose 754 = 3*y - 5*b, -229 - h = -y + 3*b. What is the greatest common divisor of y and 62?
62
Suppose -95 - 71 = 3*q + 2*l, 3*l - 115 = 2*q. Let p = -61 - q. Let c be (-9 - p - -5)*21. What is the greatest common divisor of 189 and c?
21
Let w = -1802 - -1827. Suppose 0 = 4*g - c + 5, -20 = c - 5*c. Suppose -n + g = -w. What is the highest common factor of 10 and n?
5
Suppose -260 - 60 = -5*w. Let b be 2*1 - 68/(63 + -97). What is the highest common factor of w and b?
4
Let h = 22 + -17. Suppose k + 232 = h*v - k, 68 = v + 5*k. Calculate the highest common factor of 204 and v.
12
Let q = -1042123 - -1042153. Let c = 22 - 12. Let h be (-2)/(-5) + 2096/c. Calculate the highest common divisor of q and h.
30
Let b = -59 - -83. Suppose -29*p + b*p + 90 = 0. What is the greatest common divisor of 12 and p?
6
Let c = -318 - -426. Suppose -6*s = -0*s - c. Calculate the greatest common factor of 14 and s.
2
Let h be ((-4472)/130)/((-4)/(-30)). Let j = 330 + h. Calculate the greatest common divisor of 54 and j.
18
Let t be -95*9*(-8)/360. What is the greatest common divisor of 6498 and t?
19
Suppose -3*j + 0*o + 510 = -3*o, -2*j + 3*o = -342. Suppose 28*l - 24*l = -1144. Let y = -274 - l. What is the highest common divisor of y and j?
12
Let l be (18 - 20)/(2/(-38)). Suppose 245 = l*b - 211. What is the greatest common divisor of b and 78?
6
Let d be (-2)/(-12) - ((-20)/24 - -7). Let h be (1173/9 - (-2)/d) + -4. What is the greatest common factor of 18 and h?
18
Suppose -493*z + 5953 + 949 = 0. Let u = 310 - 156. Suppose -u 